{"id":9,"date":"2016-02-02T06:51:12","date_gmt":"2016-02-02T05:51:12","guid":{"rendered":"https:\/\/versehrtenwerkstatt.de\/?page_id=9"},"modified":"2016-02-02T06:51:12","modified_gmt":"2016-02-02T05:51:12","slug":"vertriebspartner","status":"publish","type":"page","link":"https:\/\/versehrtenwerkstatt.de\/?page_id=9","title":{"rendered":"Vertriebspartner"},"content":{"rendered":"<p>Getreu unserem Motto &#8222;den Behinderten eine Zukunft&#8220; versuchen wir dieses in unserer Werkstatt zu verwirklichen. Keine leichte Aufgabe in einer wirtschaftlich nicht gerade rosigen Zeit, in der naturgem\u00e4\u00df die Bereitschaft eine etwas teurere Versehrtenware zu kaufen nachgelassen hat.<\/p>\n<p>F\u00fcr diese schwere Aufgabe suchen wir laufend erfolgsorientierte Vertriebsmitarbeiter.<\/p>\n<p>&nbsp;<\/p>\n","protected":false},"excerpt":{"rendered":"<p>Getreu unserem Motto &#8222;den Behinderten eine Zukunft&#8220; versuchen wir dieses in unserer Werkstatt zu verwirklichen. Keine leichte Aufgabe in einer wirtschaftlich nicht gerade rosigen Zeit, in der naturgem\u00e4\u00df die Bereitschaft eine etwas teurere Versehrtenware zu kaufen nachgelassen hat. F\u00fcr diese schwere Aufgabe suchen wir laufend erfolgsorientierte Vertriebsmitarbeiter. &nbsp;<\/p>\n","protected":false},"author":3,"featured_media":0,"parent":0,"menu_order":0,"comment_status":"closed","ping_status":"closed","template":"","meta":{"footnotes":""},"class_list":["post-9","page","type-page","status-publish","hentry"],"_links":{"self":[{"href":"https:\/\/versehrtenwerkstatt.de\/index.php?rest_route=\/wp\/v2\/pages\/9","targetHints":{"allow":["GET"]}}],"collection":[{"href":"https:\/\/versehrtenwerkstatt.de\/index.php?rest_route=\/wp\/v2\/pages"}],"about":[{"href":"https:\/\/versehrtenwerkstatt.de\/index.php?rest_route=\/wp\/v2\/types\/page"}],"author":[{"embeddable":true,"href":"https:\/\/versehrtenwerkstatt.de\/index.php?rest_route=\/wp\/v2\/users\/3"}],"replies":[{"embeddable":true,"href":"https:\/\/versehrtenwerkstatt.de\/index.php?rest_route=%2Fwp%2Fv2%2Fcomments&post=9"}],"version-history":[{"count":1,"href":"https:\/\/versehrtenwerkstatt.de\/index.php?rest_route=\/wp\/v2\/pages\/9\/revisions"}],"predecessor-version":[{"id":10,"href":"https:\/\/versehrtenwerkstatt.de\/index.php?rest_route=\/wp\/v2\/pages\/9\/revisions\/10"}],"wp:attachment":[{"href":"https:\/\/versehrtenwerkstatt.de\/index.php?rest_route=%2Fwp%2Fv2%2Fmedia&parent=9"}],"curies":[{"name":"wp","href":"https:\/\/api.w.org\/{rel}","templated":true}]}}